{"id":42,"date":"2025-03-09T15:08:32","date_gmt":"2025-03-09T14:08:32","guid":{"rendered":"https:\/\/dev.ctoovu.com\/danyconstruction\/?page_id=42"},"modified":"2025-03-09T16:10:35","modified_gmt":"2025-03-09T15:10:35","slug":"maconnerie","status":"publish","type":"page","link":"https:\/\/dev.ctoovu.com\/danyconstruction\/maconnerie\/","title":{"rendered":"MACONNERIE"},"content":{"rendered":"\n<p>En construction ou r\u00e9novation, notre entreprise Dany Constructions intervient en Ile-de-France pour tous vos travaux de ma\u00e7onnerie. Notre expertise et notre savoir-faire est reconnue dans ce m\u00e9tier gr\u00e2ce \u00e0 de nombreuses ann\u00e9es d\u2019exp\u00e9rience.<\/p>\n\n\n\n<p>Particuliers ou entreprises, nous vous accompagnons pour toutes vos op\u00e9rations de construction, de r\u00e9novation et d\u2019extension.<\/p>\n\n\n\n<hr class=\"wp-block-separator has-alpha-channel-opacity is-style-wide\" style=\"margin-top:0;margin-bottom:0\"\/>\n\n\n\n<figure class=\"wp-block-image size-large\"><img loading=\"lazy\" decoding=\"async\" width=\"1024\" height=\"768\" src=\"https:\/\/dev.ctoovu.com\/danyconstruction\/wp-content\/uploads\/sites\/11\/2025\/03\/IMG_3570-1024x768.jpg\" alt=\"\" class=\"wp-image-43\" srcset=\"https:\/\/dev.ctoovu.com\/danyconstruction\/wp-content\/uploads\/sites\/11\/2025\/03\/IMG_3570-1024x768.jpg 1024w, https:\/\/dev.ctoovu.com\/danyconstruction\/wp-content\/uploads\/sites\/11\/2025\/03\/IMG_3570-300x225.jpg 300w, https:\/\/dev.ctoovu.com\/danyconstruction\/wp-content\/uploads\/sites\/11\/2025\/03\/IMG_3570-768x576.jpg 768w, https:\/\/dev.ctoovu.com\/danyconstruction\/wp-content\/uploads\/sites\/11\/2025\/03\/IMG_3570-1536x1152.jpg 1536w, https:\/\/dev.ctoovu.com\/danyconstruction\/wp-content\/uploads\/sites\/11\/2025\/03\/IMG_3570-2048x1536.jpg 2048w\" sizes=\"auto, (max-width: 1024px) 100vw, 1024px\" \/><\/figure>\n\n\n\n<figure class=\"wp-block-image size-large\"><img loading=\"lazy\" decoding=\"async\" width=\"1024\" height=\"768\" src=\"https:\/\/dev.ctoovu.com\/danyconstruction\/wp-content\/uploads\/sites\/11\/2025\/03\/20190826_084109-1024x768.jpg\" alt=\"\" class=\"wp-image-45\" srcset=\"https:\/\/dev.ctoovu.com\/danyconstruction\/wp-content\/uploads\/sites\/11\/2025\/03\/20190826_084109-1024x768.jpg 1024w, https:\/\/dev.ctoovu.com\/danyconstruction\/wp-content\/uploads\/sites\/11\/2025\/03\/20190826_084109-300x225.jpg 300w, https:\/\/dev.ctoovu.com\/danyconstruction\/wp-content\/uploads\/sites\/11\/2025\/03\/20190826_084109-768x576.jpg 768w, https:\/\/dev.ctoovu.com\/danyconstruction\/wp-content\/uploads\/sites\/11\/2025\/03\/20190826_084109-1536x1152.jpg 1536w, https:\/\/dev.ctoovu.com\/danyconstruction\/wp-content\/uploads\/sites\/11\/2025\/03\/20190826_084109-2048x1536.jpg 2048w\" sizes=\"auto, (max-width: 1024px) 100vw, 1024px\" \/><\/figure>\n\n\n\n<hr class=\"wp-block-separator has-alpha-channel-opacity is-style-wide\"\/>\n","protected":false},"excerpt":{"rendered":"<p>En construction ou r\u00e9novation, notre entreprise Dany Constructions intervient en Ile-de-France pour tous vos travaux de ma\u00e7onnerie. Notre expertise et notre savoir-faire est reconnue dans ce m\u00e9tier gr\u00e2ce \u00e0 de nombreuses ann\u00e9es d\u2019exp\u00e9rience. Particuliers ou entreprises, nous vous accompagnons pour toutes vos op\u00e9rations de construction, de r\u00e9novation et d\u2019extension.<\/p>\n","protected":false},"author":1,"featured_media":0,"parent":0,"menu_order":0,"comment_status":"closed","ping_status":"closed","template":"","meta":{"footnotes":""},"class_list":["post-42","page","type-page","status-publish","hentry"],"_links":{"self":[{"href":"https:\/\/dev.ctoovu.com\/danyconstruction\/wp-json\/wp\/v2\/pages\/42","targetHints":{"allow":["GET"]}}],"collection":[{"href":"https:\/\/dev.ctoovu.com\/danyconstruction\/wp-json\/wp\/v2\/pages"}],"about":[{"href":"https:\/\/dev.ctoovu.com\/danyconstruction\/wp-json\/wp\/v2\/types\/page"}],"author":[{"embeddable":true,"href":"https:\/\/dev.ctoovu.com\/danyconstruction\/wp-json\/wp\/v2\/users\/1"}],"replies":[{"embeddable":true,"href":"https:\/\/dev.ctoovu.com\/danyconstruction\/wp-json\/wp\/v2\/comments?post=42"}],"version-history":[{"count":2,"href":"https:\/\/dev.ctoovu.com\/danyconstruction\/wp-json\/wp\/v2\/pages\/42\/revisions"}],"predecessor-version":[{"id":108,"href":"https:\/\/dev.ctoovu.com\/danyconstruction\/wp-json\/wp\/v2\/pages\/42\/revisions\/108"}],"wp:attachment":[{"href":"https:\/\/dev.ctoovu.com\/danyconstruction\/wp-json\/wp\/v2\/media?parent=42"}],"curies":[{"name":"wp","href":"https:\/\/api.w.org\/{rel}","templated":true}]}}