{"id":47,"date":"2025-03-09T15:09:04","date_gmt":"2025-03-09T14:09:04","guid":{"rendered":"https:\/\/dev.ctoovu.com\/danyconstruction\/?page_id=47"},"modified":"2025-03-09T16:16:21","modified_gmt":"2025-03-09T15:16:21","slug":"second-oeuvre","status":"publish","type":"page","link":"https:\/\/dev.ctoovu.com\/danyconstruction\/second-oeuvre\/","title":{"rendered":"SECOND OEUVRE"},"content":{"rendered":"\n<p>Notre entreprise r\u00e9alise l\u2019ensemble des travaux de second \u0153uvre.<\/p>\n\n\n\n<hr class=\"wp-block-separator has-alpha-channel-opacity is-style-wide\"\/>\n\n\n\n<div class=\"wp-block-media-text is-stacked-on-mobile\"><figure class=\"wp-block-media-text__media\"><img loading=\"lazy\" decoding=\"async\" width=\"768\" height=\"1024\" src=\"https:\/\/dev.ctoovu.com\/danyconstruction\/wp-content\/uploads\/sites\/11\/2025\/03\/20200806_115020-768x1024.jpg\" alt=\"\" class=\"wp-image-110 size-full\" srcset=\"https:\/\/dev.ctoovu.com\/danyconstruction\/wp-content\/uploads\/sites\/11\/2025\/03\/20200806_115020-768x1024.jpg 768w, https:\/\/dev.ctoovu.com\/danyconstruction\/wp-content\/uploads\/sites\/11\/2025\/03\/20200806_115020-225x300.jpg 225w, https:\/\/dev.ctoovu.com\/danyconstruction\/wp-content\/uploads\/sites\/11\/2025\/03\/20200806_115020-1152x1536.jpg 1152w, https:\/\/dev.ctoovu.com\/danyconstruction\/wp-content\/uploads\/sites\/11\/2025\/03\/20200806_115020-1536x2048.jpg 1536w, https:\/\/dev.ctoovu.com\/danyconstruction\/wp-content\/uploads\/sites\/11\/2025\/03\/20200806_115020-scaled.jpg 1920w\" sizes=\"auto, (max-width: 768px) 100vw, 768px\" \/><\/figure><div class=\"wp-block-media-text__content\">\n<p>-Pose de cloisons s\u00e8ches<\/p>\n\n\n\n<p>-R\u00e9alisation de chappes au sol<\/p>\n\n\n\n<p>-Isolation int\u00e9rieure<\/p>\n\n\n\n<p>-Pose de carrelage mural et au sol<\/p>\n\n\n\n<p>-R\u00e9alisation de plafond<\/p>\n\n\n\n<p>-Pose de porte, fen\u00eatre et syst\u00e8me de fermeture<\/p>\n<\/div><\/div>\n\n\n\n<hr class=\"wp-block-separator has-alpha-channel-opacity is-style-wide\"\/>\n\n\n\n<figure class=\"wp-block-gallery has-nested-images columns-default is-cropped wp-block-gallery-1 is-layout-flex wp-block-gallery-is-layout-flex\">\n<figure class=\"wp-block-image size-large\"><img loading=\"lazy\" decoding=\"async\" width=\"1024\" height=\"461\" data-id=\"112\" src=\"https:\/\/dev.ctoovu.com\/danyconstruction\/wp-content\/uploads\/sites\/11\/2025\/03\/20220624_162202-1024x461.jpg\" alt=\"\" class=\"wp-image-112\" srcset=\"https:\/\/dev.ctoovu.com\/danyconstruction\/wp-content\/uploads\/sites\/11\/2025\/03\/20220624_162202-1024x461.jpg 1024w, https:\/\/dev.ctoovu.com\/danyconstruction\/wp-content\/uploads\/sites\/11\/2025\/03\/20220624_162202-300x135.jpg 300w, https:\/\/dev.ctoovu.com\/danyconstruction\/wp-content\/uploads\/sites\/11\/2025\/03\/20220624_162202-768x346.jpg 768w, https:\/\/dev.ctoovu.com\/danyconstruction\/wp-content\/uploads\/sites\/11\/2025\/03\/20220624_162202-1536x691.jpg 1536w, https:\/\/dev.ctoovu.com\/danyconstruction\/wp-content\/uploads\/sites\/11\/2025\/03\/20220624_162202-2048x922.jpg 2048w\" sizes=\"auto, (max-width: 1024px) 100vw, 1024px\" \/><\/figure>\n\n\n\n<figure class=\"wp-block-image size-large\"><img loading=\"lazy\" decoding=\"async\" width=\"768\" height=\"1024\" data-id=\"113\" src=\"https:\/\/dev.ctoovu.com\/danyconstruction\/wp-content\/uploads\/sites\/11\/2025\/03\/20230703_152742-768x1024.jpg\" alt=\"\" class=\"wp-image-113\" srcset=\"https:\/\/dev.ctoovu.com\/danyconstruction\/wp-content\/uploads\/sites\/11\/2025\/03\/20230703_152742-768x1024.jpg 768w, https:\/\/dev.ctoovu.com\/danyconstruction\/wp-content\/uploads\/sites\/11\/2025\/03\/20230703_152742-225x300.jpg 225w, https:\/\/dev.ctoovu.com\/danyconstruction\/wp-content\/uploads\/sites\/11\/2025\/03\/20230703_152742-1152x1536.jpg 1152w, https:\/\/dev.ctoovu.com\/danyconstruction\/wp-content\/uploads\/sites\/11\/2025\/03\/20230703_152742-1536x2048.jpg 1536w, https:\/\/dev.ctoovu.com\/danyconstruction\/wp-content\/uploads\/sites\/11\/2025\/03\/20230703_152742-scaled.jpg 1920w\" sizes=\"auto, (max-width: 768px) 100vw, 768px\" \/><\/figure>\n<\/figure>\n","protected":false},"excerpt":{"rendered":"<p>Notre entreprise r\u00e9alise l\u2019ensemble des travaux de second \u0153uvre. -Pose de cloisons s\u00e8ches -R\u00e9alisation de chappes au sol -Isolation int\u00e9rieure -Pose de carrelage mural et au sol -R\u00e9alisation de plafond -Pose de porte, fen\u00eatre et syst\u00e8me de fermeture<\/p>\n","protected":false},"author":1,"featured_media":0,"parent":0,"menu_order":0,"comment_status":"closed","ping_status":"closed","template":"","meta":{"footnotes":""},"class_list":["post-47","page","type-page","status-publish","hentry"],"_links":{"self":[{"href":"https:\/\/dev.ctoovu.com\/danyconstruction\/wp-json\/wp\/v2\/pages\/47","targetHints":{"allow":["GET"]}}],"collection":[{"href":"https:\/\/dev.ctoovu.com\/danyconstruction\/wp-json\/wp\/v2\/pages"}],"about":[{"href":"https:\/\/dev.ctoovu.com\/danyconstruction\/wp-json\/wp\/v2\/types\/page"}],"author":[{"embeddable":true,"href":"https:\/\/dev.ctoovu.com\/danyconstruction\/wp-json\/wp\/v2\/users\/1"}],"replies":[{"embeddable":true,"href":"https:\/\/dev.ctoovu.com\/danyconstruction\/wp-json\/wp\/v2\/comments?post=47"}],"version-history":[{"count":2,"href":"https:\/\/dev.ctoovu.com\/danyconstruction\/wp-json\/wp\/v2\/pages\/47\/revisions"}],"predecessor-version":[{"id":114,"href":"https:\/\/dev.ctoovu.com\/danyconstruction\/wp-json\/wp\/v2\/pages\/47\/revisions\/114"}],"wp:attachment":[{"href":"https:\/\/dev.ctoovu.com\/danyconstruction\/wp-json\/wp\/v2\/media?parent=47"}],"curies":[{"name":"wp","href":"https:\/\/api.w.org\/{rel}","templated":true}]}}